6))/((-13)/(-39)).
19
Let w(d) = 4*d**3 - 2*d**2 + d + 2. Let n be w(-2). Calculate the remainder when 2/(-1 - (-40)/38) is divided by (2 + 1)*n/(-12).
8
Suppose -156 - 3129 = -9*h. What is the remainder when h is divided by 46?
43
Let u(p) = -2*p - 9. Suppose 0 = 4*s + 9*w - 6*w - 48, 0 = -w. Calculate the remainder when s is divided by u(-6).
0
Let h = -4 - -7. Suppose -2*b + h*m = -11, m + 17 + 0 = 2*b. Let w(k) = 9*k - 6. What is the remainder when w(5) is divided by b?
9
What is the remainder when 131 is divided by (6/((-24)/(-86)))/(6/12)?
2
Let d(g) = 2*g + 112. Calculate the remainder when d(-34) is divided by 7.
2
Let z = 15 + -15. Let x = z + 2. Suppose -x*m + 51 = 1. Calculate the remainder when 73 is divided by m.
23
Let m = 241 - 230. What is the remainder when 107 is divided by m?
8
Let p(z) = z**2 - 11*z + 16. What is the remainder when 55 is divided by p(11)?
7
Let w = -66 + 143. What is the remainder when w is divided by 180 - 185 - (-44 + 0)?
38
Suppose 2*l + 1 = j - 2, -5*j + 15 = -l. What is the remainder when (j + -1 + -3)*-97 is divided by 20?
17
Calculate the remainder when 56 is divided by (-3800)/(-350) - 16/(-14).
8
Suppose 5*b - 27 = 168. What is the remainder when 5 + (-6 + (-333)/(-3) - -6) is divided by b?
38
Let d = 938 - 887. Calculate the remainder when 184 is divided by d.
31
Let d(s) = s**2 + 36*s + 331. Let t = 125 + -85. What is the remainder when t is divided by d(-16)?
7
Suppose 5*o - 3*b = 155, -5*b = -0*o + 4*o - 87. Let y(z) = -z**2 - 21*z + 325. What is the remainder when o is divided by y(10)?
13
Suppose -5*u + 51 + 39 = 0. Let z be 0*(u/(-4) + 4). Suppose 10*d - 8*d - 22 = z. Calculate the remainder when 21 is divided by d.
10
Suppose 3*n = 49 + 20. Let v(k) = k**2 - 2*k - 22. Let q be v(-5). Calculate the remainder when n is divided by (-2 - q)*(-2)/5.
5
Suppose 10*n + 212 = 572. What is the remainder when 250 is divided by n?
34
Suppose -112*j = -110*j - 94. Calculate the remainder when j is divided by 10.
7
Suppose 3*m + 4*t - 132 = 7*m, -m = 4*t + 58. Let v = m - -50. What is the remainder when 46 is divided by v?
10
Let b(s) = s**2 + 2*s + 102. Suppose -p - c = -2*c + 5, -10 = 5*p - 2*c. Let v be b(p). Let r = v + -12. Calculate the remainder when r is divided by 23.
21
Let f = -1521 - -1891. What is the remainder when f is divided by 96?
82
Suppose -2798 = -5*j + 3*m, -2*j = 6*m - 4*m - 1116. Calculate the remainder when j is divided by 143.
130
Suppose 0 = 62*w - 63*w - 10. Let h = -3 - -48. Calculate the remainder when h is divided by (120/50)/(2*(-1)/w).
9
Let o(t) be the second derivative of 3/2*t**2 + 0 - 1/2*t**3 - 5*t - 1/4*t**4 + 1/20*t**5. What is the remainder when 27 is divided by o(4)?
6
Suppose -5*g = 4*k - 65, k + 3*g = -2*g + 35. Suppose 0*c = -2*c + k. What is the remainder when 14 is divided by c?
4
Let c be 12/40*-2*5. Let t(g) = -g**2 - 8*g - 3. What is the remainder when t(c) is divided by 7?
5
Suppose 2*m - m = 3*z - 94, 3*z + 2*m = 82. Let t be -2*1 - z/3. What is the remainder when 18 is divided by (-45)/t + 1/4?
2
Let o(w) = w**3 - 17*w**2 + 18*w + 13. Suppose -5*c = -y + 19 - 0, 240 = 5*y + 4*c. Suppose -4 - y = -3*q. What is the remainder when o(q) is divided by 24?
21
Let d be (2/6)/((-18)/(-2322)). Let o = d - 32. What is the remainder when o is divided by 5?
1
Suppose 7*l - 832 - 428 = 0. What is the remainder when l is divided by 23?
19
Let z be (-12)/20 + 1216/10. Suppose -h + z = -2*k, 2*h - 234 = -0*h + 2*k. What is the remainder when h is divided by 19?
18
Let w = 55 - 45. Calculate the remainder when 19 is divided by w.
9
Let t(b) = b**3 + 5*b**2 - 4*b + 2. Let c be t(-5). Let k = 25 - c. Suppose k*p - p - 8 = 0. What is the remainder when 14 is divided by p?
2
Suppose 4*h - 2*g - 28 = 0, 4*h - 36 = 3*g - 6. Calculate the remainder when 57 is divided by h.
3
Let n(p) = -p**2 - p - 7. Let w be n(7). Let y = w - -100. What is the remainder when 109 is divided by y?
35
Suppose -5*w = 3*i + 14, 4*w + 2 = -4*i - 6. Suppose -5*t = l - 3*l + 196, -168 = -i*l - 2*t. What is the remainder when l is divided by 30?
28
Let t = 24 + -20. Suppose t*l = -37 + 141. What is the remainder when l is divided by 14?
12
Suppose 15*w - 12*w - 15 = 0. Suppose 3*x + 3*a + 3 = 42, -w*a = -x + 37. Calculate the remainder when 61 is divided by x.
10
Suppose 70 = 8*j + 14. Let n be 2/j + 40/7. Suppose 2*y - n = 2. What is the remainder when 5 is divided by y?
1
Let a(c) = 3*c + 181. What is the remainder when a(-36) is divided by 50?
23
Let g = -8 + 28. Suppose 0 = -3*t + 5*u + 110, u + 98 = 2*t + g. Calculate the remainder when t is divided by 16.
8
Let v = 16 + -18. What is the remainder when 32/14 - (-4)/(-14) is divided by (((-8)/5)/v)/(116/290)?
0
Suppose 0 = 3*z - 5*h + 24, -h + 6*h + 16 = -2*z. Let x(n) = -n**3 - 8*n**2 - 2*n - 9. Calculate the remainder when 23 is divided by x(z).
2
Suppose 14*z - 9*z = -3*i + 27, 5*i - 45 = 4*z. Suppose 0 = r + 3, f + 4*f - 144 = -2*r. Calculate the remainder when f is divided by i.
3
Let p be -3 - (798/(-24))/(3/(-12)). Let s = p - -169. What is the remainder when s is divided by -1*(0 - -3)*-2?
3
Suppose 116*l + 12 = 117*l. Calculate the remainder when 104 is divided by l.
8
Suppose 7*h - 54 = 4*h. Suppose 3*b - w + 34 = -0*w, -2*w = 2*b + 12. Calculate the remainder when (272/20)/((-4)/b) is divided by h.
16
Let g(y) = 3*y**2 + 3*y + 2. Suppose -4*o = 29 + 19. What is the remainder when g(3) is divided by (-116)/o - (-5)/15?
8
Suppose -5*o + 205 = -5*y + 835, 3*o + 9 = 0. Let k = 162 - y. What is the remainder when k is divided by 6?
3
Let j(m) = 24*m**2 + m. Let p be j(1). Suppose t + 5 + 12 = 5*h, 5*h = p. What is the remainder when 11 is divided by t?
3
Let d be 3 + (2 - 4) + 18. Suppose 3*u - 154 = -d. Calculate the remainder when u is divided by 15 - (-2 - -14)/4.
9
Let o = -84 + 107. Suppose 22*a - 16 = 20*a. What is the remainder when o is divided by a?
7
Let a(b) = -b**3 - 6*b**2 + 17*b + 10. Let m be a(-8). Let n(o) = 2*o**3 + o**2 - o - 1. What is the remainder when 32 is divided by n(m)?
15
Let c(d) be the third derivative of d**5/30 - d**4/8 + 7*d**3/6 - 16*d**2. Calculate the remainder when c(-7) is divided by 32.
30
Let v(p) = -p**3 + 9*p**2 - 9*p + 17. Let y be v(8). Let l = 12 + y. Calculate the remainder when l is divided by 14.
7
Suppose -78 = -11*m + 5*m. Calculate the remainder when 48 is divided by m.
9
Suppose -4*v = 16*v - 50 - 450. Suppose l + 22 = -3. Let t = l + 41. What is the remainder when v is divided by t?
9
Calculate the remainder when 302 is divided by (-268)/(-7) - 54/189.
36
Let g = 4 - -67. What is the remainder when g is divided by ((-870)/(-225) - (-6)/45) + 14?
17
Let o(b) = 2*b**2 - 11*b + 7. Let w = 106 - 90. Calculate the remainder when o(7) is divided by w.
12
What is the remainder when 0/3 - (-132 + 4) is divided by 44 + 1/((-1)/1)?
42
Let n = -605 - 757. Calculate the remainder when n/(-21) + (-1)/(-7) is divided by (-100)/(-6) + 4/12.
14
Suppose 153 = v - 4*r, -16*v = -14*v - r - 285. Calculate the remainder when v is divided by 140.
1
Let i = -649 + 709. What is the remainder when 106 is divided by i?
46
Suppose -139 = -8*p + 285. What is the remainder when p is divided by 8?
5
Suppose 0 = -2*s - s + 3*y + 162, 0 = -2*s - 5*y + 101. Suppose -4*h = 9 - 5. Calculate the remainder when s is divided by 18 - (-5 - h - -8).
11
Let f(p) = 26*p + 6. Let n be f(-10). Let m = 362 + n. What is the remainder when m is divided by 28?
24
Suppose 2*q = 2*z + 42, -3*q - 3*z + 24 = -33. Let s = -12 + q. Let j = 69 + -47. What is the remainder when j is divided by s?
6
Let q = 231 - 218. Calculate the remainder when 90 is divided by q.
12
Let d(j) be the first derivative of -j**2 - 3*j - 2. Let i be d(9). Calculate the remainder when 8 is divided by i/35 + (-54)/(-15).
2
Let r(n) = -2*n**2 + 17*n + 14. Calculate the remainder when r(9) is divided by 4/(-12) + 28/12.
1
Calculate the remainder when 31 is divided by (-1)/(-2) - (-2064)/96.
9
Suppose -46*k = -18*k - 868. Calculate the remainder when 1330 is divided by k.
28
Suppose 78*y - 1687 = 1043. What is the remainder when y is divided by 10?
5
Let b be (-3)/15*-3*5*2. Calculate the remainder when 39 is divided by (-14)/b*(-6)/1.
11
What is the remainder whe